2) - 3. What is the units digit of (-2)/t*(-6)/(-4)?
1
Let t be (-6)/(-12)*1*-2. What is the units digit of 6 + 17 - (t + 4)?
0
Suppose 0 = -2*h - p + 13 - 6, 0 = -4*h - 4*p + 16. Suppose 5*b = 0, h*m - 2*b = -2 + 5. What is the units digit of m?
1
Let n(r) = 246*r + 5*r**2 - 4*r**3 + 5*r**3 - 245*r + 3. Let p = 2 - 6. What is the units digit of n(p)?
5
Let p = 20 + 5. What is the tens digit of p?
2
Let y(p) = -p + 1. Let z be y(-1). Suppose -18 = -z*q - 2. What is the units digit of q?
8
Suppose 3*y - 223 = 41. What is the units digit of y?
8
Let d be 66/(-9) + 8/(-12). Let c(z) = -z**3 - 7*z**2 + z - 6. What is the units digit of c(d)?
0
Let b = -5 - -8. Suppose 0 = u - 5*i - 25, -5*u - 19 = -b*i - 56. Suppose -3*y - 17 = -g, 0*g - u*y - 23 = g. What is the units digit of g?
2
Let s(a) = 8*a + 5. What is the units digit of s(4)?
7
Suppose -a + 420 = 4*n, 5*n + 4*a - 524 = 3*a. What is the units digit of n?
4
What is the tens digit of (-27)/((-36)/(-16) - 3)?
3
What is the units digit of 640/8*(0 - -1)?
0
Suppose -5*b + 66 = s, 0 = -5*b - 2 + 17. What is the units digit of s?
1
Let d(g) = 2*g + 3. Let p(h) = -h - 1. Let j(a) = 2*d(a) + 5*p(a). Let w(i) = -i**3 - 3*i**2 + 2*i - 5. Let s be w(-3). What is the units digit of j(s)?
2
Let u = 72 + -34. What is the tens digit of u?
3
Suppose b = 3*t - 111 - 57, 3*b = 3*t - 162. What is the tens digit of t?
5
Let g = 44 + -24. Suppose -h = 2*a + 3*a - 1, 0 = 5*h + g. Suppose t = 3*k - a, -5*k + 1 = -2*t + 2. What is the units digit of t?
8
Let k(g) = -3*g**3 + 2*g**2 - g. Let w be k(1). What is the units digit of ((-6)/9)/(w/3)?
1
Let o(t) = t**2 - 14*t + 4. Let g be o(13). Let d = g - -12. What is the units digit of d?
3
Suppose -8*o + 274 = -14. What is the units digit of o?
6
Suppose -3*j - j = 0. Suppose -n + 3 = -j*n. Suppose 2*f - 63 + 5 = -5*c, 2 = -c + n*f. What is the tens digit of c?
1
Suppose -3*g = l + 49, 3*l + 2*g + 54 + 79 = 0. Let z = -8 - l. Suppose 0 = 5*y - 10 - z. What is the units digit of y?
9
What is the tens digit of (-83)/(2*(3 - (-28)/(-8)))?
8
Let l(g) = -4*g - 1. Let v be l(-1). Let y = 22 - v. What is the units digit of y?
9
Let w be ((-30)/(-9))/((-12)/(-54)). Suppose -4*v - 7 = -w. What is the units digit of v?
2
Let r(z) = -z - 1. Let p(y) = -y - 12. Let a be p(-7). What is the units digit of r(a)?
4
Let t(b) be the second derivative of b**5/20 - b**3/6 - b**2 - b. What is the units digit of t(3)?
2
Suppose 4*g - 104 = -5*q, -7 = 4*g + 9. What is the tens digit of q?
2
Suppose -2*d + 5*d = a + 271, 0 = a - 5. What is the units digit of d?
2
Let h(u) = 2*u - 2 + 0 + 2 + 1. Let x be h(2). Suppose -o = -x, 2*a + 2*o = 3*a + 5. What is the units digit of a?
5
Suppose -2*a = -a. Suppose a = -h - 0 + 5. What is the tens digit of (-6 - (h - 3))*-2?
1
Suppose 120 = -2*r + 6*r. What is the units digit of r?
0
What is the units digit of (-1)/1 - (-59 - -16)?
2
Suppose -8 = -2*m - 2*m. What is the units digit of -2 - ((-2)/m - 13)?
2
Suppose b + 6 = 118. What is the hundreds digit of b?
1
Let u be (2 - -18)/((-3)/(-6)). Suppose 0*h = -2*h + u. Suppose -k = -3*k + h. What is the units digit of k?
0
Let u = 8 + -6. Suppose 10 = 5*i + 5*s, i = -3*i + u*s + 8. Suppose -7*n = -i*n - 35. What is the units digit of n?
7
Let y(s) = 3 + s - 3*s - 9*s. Let k be y(3). Let p = -20 - k. What is the units digit of p?
0
Suppose 2*w + 0 = 16. Suppose -w = 4*b - k, 2*k + 18 = -3*b + 1. What is the units digit of (b/(-9))/((-1)/(-3))?
1
Suppose d + 4*w + 5 = -4*d, 2*d - 5*w = 31. Let u = 9 - d. What is the units digit of u?
6
Let u(f) = f**3 - 5*f**2 + 2*f + 8. Let g be u(4). Suppose -4*i = g, 4*t - 6 = 3*t + 3*i. What is the units digit of t?
6
Let i = -4 - -3. Let q = i + 3. What is the units digit of q?
2
Let t(q) = 6*q**2 - 5. What is the tens digit of t(3)?
4
What is the units digit of (-1 - 29)/(30/(-20))?
0
What is the units digit of (-3644)/(-26) - 26/169?
0
Let o(h) = -h**2 - 11*h - 4. What is the tens digit of o(-8)?
2
Let m = -57 - -147. What is the tens digit of m?
9
Suppose -9*c - j = -4*c - 426, -3 = -3*j. What is the units digit of c?
5
Let g = -78 - -126. What is the tens digit of g?
4
Let m be (-39)/2*(-48)/(-36). Let r = m + 47. What is the units digit of r?
1
Let k(g) = 8*g**2 - 10*g - 17. What is the hundreds digit of k(-4)?
1
Let a(m) = m**2 + 8*m - 4. Let x = -10 - -1. Let h be a(x). Suppose -c + 2*c + l = -2, -11 = -h*c + 2*l. What is the units digit of c?
1
Let y be ((-2)/(-3))/(6/(-234)). Let a = -1 - y. What is the units digit of a?
5
Let z(f) = f - 3. Let o be z(6). Suppose -2*l = o*l + 3*w - 10, -2 = -l - 5*w. What is the units digit of l?
2
Let o(u) = u. Let a(i) = 4*i + 12. Let f(m) = a(m) - 3*o(m). What is the units digit of f(-9)?
3
Let l(a) = -2*a - 3. Let v = -4 + 0. Let x be l(v). Suppose -4*g + 6 = 2*p - 8, 2*g - 1 = x*p. What is the units digit of p?
1
Suppose -d + 42 = d - 2*k, -d + 4*k = -15. Let l = d - 13. Suppose 0*h = -h + l. What is the tens digit of h?
1
Let y(p) = -18*p + 12. Let d be y(-6). Let g = -83 + d. What is the tens digit of g?
3
Let x = -3 - -2. What is the units digit of 2 - -5 - (0 - x)?
6
Let g(y) = 12*y**2 + 19*y - 75. What is the hundreds digit of g(4)?
1
Let j(o) = -o**2 - 5*o + 3. Let t be j(-4). Let h(q) = -q. Let n be h(3). Let y = t + n. What is the units digit of y?
4
Let g = -15 - -8. Let p(o) be the second derivative of o**4/12 + 5*o**3/6 - 4*o**2 + o. What is the units digit of p(g)?
6
Suppose -12 - 6 = -3*i. Suppose i = x + 3*y + 4, 5*x + y = 24. What is the units digit of x?
5
Let c(i) = -i**2 - i - 1 + i - 8*i. What is the units digit of c(-6)?
1
Let h(x) = -x**3 - 7*x**2 - 7*x - 3. Let b be h(-6). Suppose 3*g - 96 = -2*q, -3*q = -6 - 3. Suppose 0 = b*l - 8*l + g. What is the units digit of l?
6
Let g be (-2)/4 + (-6)/(-4). Let x = 23 - 23. Suppose x = -o + g + 4. What is the units digit of o?
5
Suppose 3*z = 138 - 15. What is the tens digit of z?
4
Let x = 47 + -32. Let l = 7 - x. Let m(i) = -2*i - 10. What is the units digit of m(l)?
6
Suppose 4*z = -12, -z - 444 = 3*o - 3*z. What is the tens digit of 20/o + 694/30?
2
Let t = -181 + 398. What is the units digit of t?
7
What is the units digit of 4 + -1 + (4 - 5) + 113?
5
Let u(f) = 2*f - 7. Let j be u(6). Suppose -t = -5*q + 76 + 4, 0 = -t - j. What is the tens digit of q?
1
Let o = -12 - -42. Let g = o + -15. What is the units digit of 162/g - 2/(-10)?
1
Let a(f) be the third derivative of f**4/4 - f**3/2 + 2*f**2. What is the units digit of a(3)?
5
Suppose 2*h - 33 = 15. Suppose 0 = 3*c + 5*g + 35 + 27, 2*c + g + 32 = 0. Let v = h + c. What is the units digit of v?
0
What is the tens digit of (1 - (5 + -7))*(-110)/(-3)?
1
Let y be 28 - (-1*2 + 3). Suppose -i + y = -0*i. Let o = -16 + i. What is the tens digit of o?
1
Let z be (-4 - 0)*66/(-12). Let t = 32 - z. What is the tens digit of t?
1
Let k(d) = d**2 - 6*d - 11. Let o be k(8). Suppose -o*z - 47 = -182. What is the units digit of z?
7
Suppose m = -3, 2*p - 4*p + m + 375 = 0. What is the hundreds digit of p?
1
Suppose -3*x = 3*b - 15 - 9, b = 4*x - 12. Suppose -4*l + 3*g + 100 = 5*g, x = g. What is the tens digit of l?
2
Let c(k) = 2*k**2 + 5. What is the units digit of c(-7)?
3
Let h(y) = -y - 4. Let b be h(0). Suppose 7*d + 5 = 12. Let z = d - b. What is the units digit of z?
5
Let a(c) = 2*c**3 - 3*c**2 + 4*c - 2. Suppose 17 = -4*z + 5*p, 0 = z + 3*z + 2*p - 18. What is the tens digit of a(z)?
1
Let y be (0 - 0) + (-27)/(-3). Let d = y + -15. Let v = d - -13. What is the units digit of v?
7
Let z = 24 + -27. What is the units digit of (z + 2)/((-3)/78)?
6
Let s(t) = t**3 + 5*t**2 - 4*t - 3. Let h be s(-3). Let k be 2/3*h/6. Suppose 3 + 6 = k*q. What is the units digit of q?
3
Suppose 5*d - 4 - 6 = 0. Suppose d*t = -t + 9. Suppose t = k - 4. What is the units digit of k?
7
Let a be -2*(-5)/((-5)/(-2)). Suppose -u - 2*l - 5 = 0, -3*l + 7 = -a*u + 31. Suppose -u*d = -2 - 10. What is the units digit of d?
4
Let n(l) = -3*l - 7 - l**2 + 2*l - 6*l. What is the units digit of n(-5)?
3
Let q be (-105)/(-28) - 1/(-4). Suppose -q*v + 2*a = -3 + 21, 5*v - 2*a = -21. What is the units digit of (v - (-3)/1) + 12?
2
Let q be 40/15*(-54)/8. Let z = 47 + q. What is the units digit of z?
9
Suppose -3*a - 10 = -2*a. Let k be 4